(-53)?
6
Suppose 0 = -7*b + 4*b - 5*y + 19918, 13285 = 2*b - 3*y. What is the tens digit of b?
4
Let n(f) = 4*f**2 + 19*f + 54. Let t be ((-123)/41)/(19/(-11) - -2). What is the units digit of n(t)?
9
Let f(a) be the second derivative of -a**5/20 + 2*a**4/3 + 2*a**3/3 - 6*a**2 + 136*a - 2. Suppose 0*n + 16 = 2*n. What is the units digit of f(n)?
0
Let x be -4*(-5)/(10/57). Suppose 6 = r - x. Suppose 5*y = 5*i - 4*i - r, 5*i + 3*y - 684 = 0. What is the units digit of i?
5
Let i = 239 + -175. Suppose -i = -2*d + 194. What is the hundreds digit of d?
1
What is the units digit of -5 + 120/(-12) + 16456?
1
Suppose -t = 132*r - 127*r - 2275, -4*t + 8884 = -7*r. What is the thousands digit of t?
2
Suppose -3*k = -5*v + 271779, v + 3*k - 27887 - 26494 = 0. What is the ten thousands digit of v?
5
Suppose -2*b = -5*y + 33200, -b + 2*b - 2*y + 16601 = 0. What is the tens digit of 4/14 + -6 + b/(-21)?
8
Let r(g) = 2*g**3 + g**2 + 4*g - 6. Let b(s) = -s**2 - 5*s + 4. Let y(i) = i + 4. Let m be y(-9). Let d be b(m). What is the hundreds digit of r(d)?
1
What is the ten thousands digit of (-3)/((2/(-183980))/(37/222))?
4
Suppose -4*o = -53 + 245. Let r = o - -52. Suppose 0 = p - r - 57. What is the tens digit of p?
6
What is the hundreds digit of (-337 - 9)/(12/(-9))*56/6?
4
Suppose 0 = -3*v + 13 + 8. Suppose -v*k = -256 - 213. What is the units digit of k?
7
Let c(o) = -107*o - 1. Let t be c(-1). Let l = t - 44. Suppose -13 = 3*y + 4*w - l, y + 5*w = 20. What is the units digit of y?
5
Let b(t) = 2*t**3 - 7*t**2 + t - 7. Suppose 10*o - 14*o + 100 = 0. Suppose 0 = 5*j - o - 0. What is the units digit of b(j)?
3
Let d(f) = 5*f**2 - 4*f + 2. Let i be d(1). Suppose i*l - 36 = 324. What is the tens digit of l?
2
Let g = 75069 - -14257. What is the hundreds digit of g?
3
Let z be (3 - (-21 - -3))*2/(-3). Let l be ((-21)/z)/((-9)/(-42)). Suppose l*y = -13 + 55. What is the units digit of y?
6
Let q be (-52)/16 + 3 + (-37006)/8. Let h be (q/9)/((-1)/10). Suppose h = 21*r - r. What is the tens digit of r?
5
Let y(k) = 1959*k**3 - 18*k - 1. Let b(i) = -1306*i**3 + 12*i. Let w(c) = -7*b(c) - 5*y(c). What is the tens digit of w(-1)?
5
Suppose -4376 = -111*h + 107*h. What is the tens digit of h?
9
What is the units digit of 6/3 + -9 - (-2431 + -170)?
4
Let j(s) = s**2 - 7*s + 14766. What is the tens digit of j(0)?
6
Let c(s) be the second derivative of 3/2*s**2 - 5/6*s**3 + 0 + 19*s + 1/12*s**4. What is the units digit of c(7)?
7
Let w(r) = -2*r**3 - 207*r**2 - 133*r + 337. What is the tens digit of w(-103)?
2
Suppose -2299*k + 2303*k = 44600. What is the ten thousands digit of k?
1
What is the ten thousands digit of ((-4)/(-3)*8741)/((-192)/(-864))?
5
Let n = -35 - -39. Suppose -62 = -n*f + 106. Let a = f - 33. What is the units digit of a?
9
Suppose 5*l - 5175 = m + 3*m, -5*l + 3*m + 5180 = 0. Suppose 85 + l = 4*o. Suppose o = 5*f + x, 0 = f - 2*f - 5*x + 37. What is the units digit of f?
7
Suppose 122 = 13*a - 2309. Let w = 204 - a. What is the tens digit of w?
1
Let i(x) be the first derivative of -x**2 - 10*x - 3. Let t be i(-10). Suppose 0 = 5*j - t, 34 = l + 2*j + 9. What is the units digit of l?
1
Suppose 2*n + 2*p - 420 = 4*p, 0 = n - 2*p - 210. Let b be (-1 + 13)*n/9. What is the units digit of (-9)/((-18)/b) + -5?
5
Let w(p) = -227*p + 22. Let x be w(-6). Suppose -7*u + 3089 = -x. What is the hundreds digit of u?
6
Let p(d) = 7*d - 29. Let s be p(4). What is the tens digit of (7 - s)*(-284)/(-8)?
8
Let h(m) = 129*m**2 + 6*m + 7. Let l = -129 + 127. What is the hundreds digit of h(l)?
5
Suppose 45014 = 10*z + 4174. What is the hundreds digit of z?
0
Suppose -23 = -r + 4*v, 0 = 4*r + v + 2*v - 111. Suppose 0 = -2*w + 5*k + 23, 3*w - 7*k = -2*k + r. Suppose w*o + 13 = 141. What is the units digit of o?
2
Suppose 0 = u - 2*d, u - 3*d = 5*u - 11. Suppose 2*j = -3*m + 1157, 3*j - u*j - 1541 = -4*m. What is the hundreds digit of m?
3
Let h = 3293 - 849. What is the thousands digit of h?
2
What is the units digit of 472/(-118)*(-4258 - 0)?
2
Let r be 42378/90 - 8/(-60). Let p = -223 + r. What is the tens digit of p?
4
Suppose -937*q + 932*q + 52930 = 0. What is the thousands digit of q?
0
Let y(d) = -d**2 + 11*d**2 - 22*d + 24*d + 28. Let o be y(-7). Suppose 0 = -2*h - 7*h + o. What is the tens digit of h?
5
Suppose 42*a - 2*q - 53636 = 37*a, -5*a + 53645 = -5*q. What is the hundreds digit of a?
7
Suppose 3*g - 5*l + 524 = 0, 25*g = 21*g - l - 668. What is the units digit of (-4)/g*2054 - (-14)/147?
9
What is the thousands digit of (-139005)/21*-2 - 11*64/1232?
3
Suppose -2*b = 4, -5*b = 5*d - 3*b + 74. Let k be (-14)/d*264/(-2). Let m = k - -207. What is the units digit of m?
5
Suppose -4*z = -3*o - 77426, -3*o + 4*o = 3*z - 58067. What is the ten thousands digit of z?
1
Let p(x) = 254*x + 664. What is the units digit of p(0)?
4
Suppose -491538 = -56*t + 754798. What is the units digit of t?
6
Suppose -4*f - 101784 = -2*b, 4*f - 28434 = b - 79314. What is the ten thousands digit of b?
5
What is the hundreds digit of (9 - -21202) + 7/(-1)?
2
Let p = 28207 - 3573. What is the thousands digit of p?
4
Suppose 0 = -5*f, -28864 = -20*a + 18*a + 3*f. What is the hundreds digit of a?
4
Let k(b) = 4*b**2 - 18*b + 88. Let t be k(-28). Suppose t + 84 = 4*y. What is the tens digit of y?
5
Let p(t) = -16*t - 45. Let c be p(-4). Suppose -c*g - 1952 = -27*g. What is the tens digit of g?
4
Suppose -9*q + 79597 = -131624. What is the hundreds digit of q?
4
Suppose 4*y = -1018 + 1046, 0 = 4*t - 5*y - 8441. What is the tens digit of t?
1
Let q(y) = 197*y**2 + 9*y - 162. What is the ten thousands digit of q(-9)?
1
Suppose 0 = 17*r - 19*r + 2. Let u = r + 86. What is the units digit of u?
7
Suppose -5*s = -3*t, 5*s = -3*t + 14 + 16. Let u = -5 + t. Suppose -2*a + 3*a = 5*p - 101, u = p - a - 17. What is the units digit of p?
1
Let v = -798 + 1262. Suppose v = 8*t - 1144. What is the units digit of t?
1
Suppose 2*m = 6*m - 640. Suppose 0 = 5*l + 50 - 45. What is the tens digit of (m/5 - 3) + l?
2
Let l = -63 + 112. Let h = -44 + l. Suppose 0 = 3*o + 9*f - h*f - 173, 4*o - 235 = -f. What is the tens digit of o?
5
Suppose -19*t = -18*t + 1. Let u = 19 - t. What is the tens digit of u?
2
Let x(b) = 15*b**2 - 10*b - 789. What is the hundreds digit of x(-27)?
4
Suppose -4*y + 7*y + 2*l - 724 = 0, 0 = 2*y - 5*l - 451. Let d = y - -549. What is the hundreds digit of d?
7
Let v = -93 + 108. Suppose -n - 2*i = -217, 2*i = -i - v. What is the units digit of n?
7
Suppose 0 = 5*u + 4*l - 111208, 0 = -l + 63 - 66. What is the tens digit of u?
4
Let f(i) = 6*i**3 + 5*i**2 - 9*i + 7. Let b(o) = -2*o**2 - 9*o - 1. Let h be b(-4). Let z be f(h). Suppose -3*v = z - 571. What is the tens digit of v?
2
Let c(h) = 225*h + 2. Let p be c(2). Suppose -x + 3*x + o - 224 = 0, p = 4*x + 3*o. Let a = x - 6. What is the units digit of a?
4
Let u(t) = -1749*t + 26. What is the units digit of u(-4)?
2
Let b(r) = r**3 - 16*r**2 - 21*r + 47. Let c be b(17). What is the tens digit of (-1 + (-5)/(-2))*(145 + c)?
8
What is the thousands digit of (301101/2004)/(1 + (-182)/184)?
3
Let z(d) = -d**3 + d**2 - 50*d + 5410. What is the tens digit of z(0)?
1
Let p be 0 - (8 - (7 - 6)). Let l(f) = 3*f**2 - 12 + 20 + 8 - 3*f + 9*f. What is the tens digit of l(p)?
2
Let d(v) be the third derivative of -v**5/20 - 5*v**4/12 + 5*v**3/2 - 34*v**2. Let n be d(-11). Let j = 333 + n. What is the tens digit of j?
9
Suppose 57*w + 183949 = 802912. What is the units digit of w?
9
Let a(c) = -347*c + 146. Let o be a(3). Let k = o - -1206. What is the hundreds digit of k?
3
Suppose q = 3*l + 4*q - 18, 3*q - 3 = 0. Suppose 95 - 20 = l*p. What is the tens digit of 692*(p/12 - (0 + 1))?
7
Let k = 81 + -328. Let l = 725 + -1178. Let c = k - l. What is the hundreds digit of c?
2
Suppose 53*o = 56*o - 336. Suppose 21*n = 7*n + o. Suppose n*b = b + 1043. What is the tens digit of b?
4
Suppose -34*n - 213 + 825 = 0. Suppose 2*l = 2*y - 42, 4*y = -5*l + 3*l + 54. Suppose -y*m = -n*m + 146. What is the units digit of m?
3
Let w(n) = 201*n**2 - 87*n + 30. What is the units digit of w(18)?
8
Let g(p) = 3*p**3 - 2*p**2 + 2*p - 6. Let l be g(4). Suppose l + 538 = 4*w. What is the units digit of w?
5
Suppose 2*x + 6 = 0, 134*q + x = 137*q - 102954. What 